g) = -g**2 - 2. Calculate f(c).
-11
Let d(t) be the first derivative of t**2/2 - 3*t + 30. Give d(8).
5
Let s(c) = -c**3 + 2*c**2 + c - 2. Let z(t) = -t**2 - 7*t - 3. Let g be z(-7). Let n = -1 - g. Determine s(n).
0
Let c(v) = -2*v + 13. Let r(i) = -i + 9. Let t(o) = -5*c(o) + 7*r(o). Suppose -g - 24 - 54 = 5*m, 4*g + 12 = 0. Let b be (-24)/m - 6/(-15). Determine t(b).
4
Suppose 3*c - 13 = 5*x, -4*x + 0*c + 2*c = 12. Let b(w) = -w**2 - 4*w + 2. Calculate b(x).
-3
Let l(t) = t**2 - 7*t + 3. Let a(p) = -23*p + 2*p**2 + 6 + 19*p - p**2. Let m be a(4). Give l(m).
-3
Let o = 59 - 59. Let w(m) = -3*m**2 - m**3 - 4 - m + 4*m**2 + 2*m. Determine w(o).
-4
Let a(w) = 2 - 4 + 15*w**2 + 2 + 2*w + 1. Let h(p) = p**2 + p. Let d(q) = -a(q) + 4*h(q). Give d(1).
-10
Let d(v) = 9*v**3 - 7*v + 4. Let g(z) = 10*z**3 - 8*z + 5. Let x(b) = -6*d(b) + 5*g(b). Determine x(-1).
3
Let n(z) = 2*z + 4. Let x be -11 + 1 + 1 - 0. Let p = x - -5. Calculate n(p).
-4
Let t(j) be the third derivative of -j**4/12 + j**3/3 - 19*j**2. Determine t(3).
-4
Let f(g) = 2*g**2 + 4*g - 5. Let p(i) = -2*i**2 - 3*i + 4. Let w(v) = 2*f(v) + 3*p(v). What is w(-2)?
-4
Let m(v) = -v**2 - 6*v - 7. Let d be 2 + -2 - 1 - 4. What is m(d)?
-2
Let h(x) = -x**2. Let y be 1 - -1*3/(-3). Suppose 4*f + f = y. Let b = -3 - f. Calculate h(b).
-9
Suppose 0 = -n + 1 - 0. Let q(v) be the first derivative of -4*v**2 + 4. Let u(a) = a. Let l(h) = -q(h) - 5*u(h). What is l(n)?
3
Let i(k) = -k**2 + 13. Let u be (-2 - -2) + (-4)/(-2). Let w be u + -1 + -8 + 7. What is i(w)?
13
Let x(s) = s**2 - s - 3. Let c be x(3). Let m(k) = 24*k**3 - 11*k. Let d(w) = 8*w**3 - 4*w. Let h(r) = c*m(r) - 8*d(r). Calculate h(-1).
-7
Let a(z) = -10*z + 1 + 8*z - z + 3*z**2. Give a(2).
7
Let q(t) be the first derivative of t**3/3 + 3*t**2 + 8*t - 6. Give q(-6).
8
Let x(t) = 2*t**2 + 4*t + 1. Let j = -20 + 35. Suppose q = -4*q - j. Calculate x(q).
7
Let c(x) = x**3 - x**2 - x - 1. Suppose -4*w + 26 = 5*m, -m = -3*w + 13 - 3. Let i be ((-6)/w)/(3/(-6)). Suppose -b = -i*b. What is c(b)?
-1
Let c(w) = w + 8 + 0 - 7 + 2*w**2. Give c(2).
11
Let k(a) = a**2 + 4*a + 2. Let f(j) = -j**3 - 5*j**2 - j - 4. Let m be f(-5). Let t be 8 - (-1 + -1 + m). Suppose 0 = 2*l - 5*l - t. Determine k(l).
-1
Let m(u) = u**2 + 8*u + 7. Let l be m(-9). Let w(p) = 3 - 3 - 15*p + l*p. Give w(6).
6
Let l(w) be the third derivative of w**5/20 + w**4/12 + w**3/3 + 18*w**2. What is l(-2)?
10
Let t = 5 - 2. Suppose 4*v = -4*q + 2*v + 12, -t*q = 5*v - 23. Let f(z) = 7*z**2 - z. Determine f(q).
6
Let u(j) = 14*j + j**2 - 3 + 6 - 4*j. What is u(-9)?
-6
Let h(m) be the third derivative of -m**4/24 + m**3/3 + m**2. Let z be -1*((-2 - 0) + -3). Give h(z).
-3
Let l(z) be the third derivative of z**4/8 - 3*z**3/2 - 5*z**2. Calculate l(6).
9
Let l(u) = u - 2. Let n be l(-4). Let s = n + 6. Let h(x) = -x**2 + x + 2. What is h(s)?
2
Let y(x) be the second derivative of -x**3/6 - x**2 - x. Let n(d) = -2*d - 5. Let r(a) = -6*n(a) + 13*y(a). What is r(5)?
-1
Let t(w) = -w**2 - 10*w - 10. Let l be t(-9). Let i(d) be the second derivative of 2*d + 1/2*d**5 + 1/6*d**4 + 1/3*d**3 + 1/2*d**2 + 0. What is i(l)?
-9
Let t = -3 - -2. Let m(d) = 14 + 13*d - 7 - 6. Let i(w) = 53*w + 4. Let r(c) = -2*i(c) + 9*m(c). Determine r(t).
-10
Let i(m) = -m**2 + 14*m - 12. Let x(z) = z**2 - 13*z + 11. Let a(f) = 4*i(f) + 5*x(f). What is a(5)?
-13
Let y be 32/6*(-3)/(-2). Suppose 5*t = 3*u + 6, -4*u - y = -t - 4*t. Let a(b) = 2*b**3 + b**2 - b + 2. Determine a(u).
-8
Let n(r) = r**3 + 8*r**2 - r - 7. Let k be n(-8). Let i(z) = -4*z**2 + 2*z**2 - z + 0*z - k + 3*z**2. Give i(-1).
1
Let z(c) = 4*c**2 - 6*c - 3. Let q(k) = 5*k**2 - 5*k - 2. Let u = -8 + 13. Suppose -26 + 11 = -u*l. Let d(r) = l*z(r) - 4*q(r). Calculate d(1).
-7
Let o(j) = -j**2 + 10. Let n be 8 + -4 + -2 + -2. Calculate o(n).
10
Let z = 15 + -20. Let w(b) be the third derivative of -1/6*b**3 + 0 + b**2 + 1/24*b**4 + 0*b. Determine w(z).
-6
Let s(q) = -39 - q + 37 + 0*q**2 - 6*q**2. Give s(2).
-28
Suppose 29 = -4*r + 89. Let x be ((-4)/(-2))/(6/r). Suppose -4*p + c = 13, x*p + 5*c + 55 = 20. Let b(l) = -l**3 - 3*l**2 + 3*l. What is b(p)?
4
Let r(t) = 2*t - 1. Suppose 3*q = f - 7, 4 = -q + f + 3. Let h be ((-12)/4)/(q - 0). Determine r(h).
1
Let j(p) = p + 9. Let d be j(-5). Let f(a) = a**3 - 4*a**2 - 2*a + 2. Determine f(d).
-6
Let f(l) = -l**2 + 6*l - 11. Let g be f(5). Let v(x) = x**3 + 5*x**2 - 5*x - 2. Calculate v(g).
-8
Let g(h) = 2*h**2 - 21*h - 7. Let c(k) = k**2 - 11*k - 4. Let y(i) = 11*c(i) - 6*g(i). What is y(4)?
2
Let j = -40 + 161/4. Let v(h) be the third derivative of -1/60*h**5 + j*h**4 - 1/2*h**3 - h**2 + 0*h + 0. Give v(5).
2
Let i(g) be the second derivative of -g**4/6 + g**3/3 - g**2/2 + 6*g. Let w(q) = -q**2 - 4*q + 7. Let y be w(-5). What is i(y)?
-5
Let m(b) = b**3 - b**2 + 1. Let c(r) = 11*r**2 + 0*r**2 - 7 + 4*r - 2*r**2 - 4*r**3 + 1. Let g(n) = c(n) + 5*m(n). Let y be -3*(1*-1)/(-1). What is g(y)?
-4
Let j(k) = 2*k. Let n be 4*((-6)/(-4) - 1). Determine j(n).
4
Let h be (-3)/3*(0 - 1). Suppose -2*p = -h + 3. Let c(s) = 7*s**2. Give c(p).
7
Let q(a) = a**2 - 4*a - 1. Let y(l) = -3*l + 75. Let m be y(24). What is q(m)?
-4
Let g(a) = -a + 8. Let b(y) = y + 2. Let z be b(2). Suppose u - z*n + 20 = 3*u, -3*n + 15 = -4*u. Give g(u).
8
Suppose 4*s = -0*s + 3*v + 10, -s + 5*v + 11 = 0. Let j(x) = x - 2 - 2*x - s. Calculate j(-3).
0
Let b be 2*(0 - 0 - -1). Let c(n) = 6 + 4*n - b - 3*n. Let z(x) = -x**3 - 7*x**2 - 6*x - 3. Let y be z(-6). Calculate c(y).
1
Let n(q) = -q. Let m(t) = t**2 + t + 2. Let u(j) = -m(j) - 5*n(j). Suppose -3*i + 0*z + 12 = 3*z, -3*z + 8 = 2*i. Give u(i).
-2
Let r(a) = 2*a**2 - 2*a - 1. Suppose 0 = -0*z - 5*z + 20. Determine r(z).
23
Let t(g) be the second derivative of g**4/12 + 5*g**3/6 - 2*g**2 + 3*g. Calculate t(-6).
2
Suppose -b - 3*b + 3*s - 4 = 0, 2*b + 4*s = 20. Let l(f) = f**2 + 1. Give l(b).
5
Let r(q) = -11*q**2 + 1. Let j(l) = -12*l**2 + 1. Suppose -8 = -4*i + 8. Let x(y) = i*j(y) - 5*r(y). Suppose 4*t - 4 = -0*t. Calculate x(t).
6
Let y(t) = -7*t**3 - 6*t**2 - 4*t + 2. Let m(v) = 15*v**3 + 12*v**2 + 8*v - 5. Let i(l) = 6*m(l) + 13*y(l). Suppose 3*a + 6 = -9. What is i(a)?
-9
Let d(s) = -s**2 - 6*s + 6. Suppose 25*g - 54 = 34*g. Give d(g).
6
Let t(s) = 29*s + 29*s - 61*s. Determine t(5).
-15
Suppose -9 - 1 = -5*k - 4*y, 2 = k - y. Let z(x) be the first derivative of -7*x**2 + 0*x**k + 4*x**2 + 2. Calculate z(-1).
6
Let g(a) = -a**3 - 5*a**2 + 8*a + 6. Suppose 2*m - n + 10 = 0, n + 4*n = 4*m + 14. Determine g(m).
-6
Let k(x) = -3*x**2 + 2*x + 5. Let b(n) = -2*n**2 + n + 4. Let y be (5 - 1)*6/4. Let p be (-20)/y - 2/3. Let w(t) = p*b(t) + 3*k(t). Calculate w(-2).
-9
Let n(l) = -2*l - 1 - 8*l**2 + 2 + 9*l**2. Determine n(5).
16
Let c = -47 - -26. Let b be (c/(-14))/((-6)/(-8)). Let g(s) = b*s + 0*s - 1 - s. Give g(5).
4
Let x(p) = p**2 + 5*p. Let c(v) = -v**3 - 2*v**2 - 11*v. Let g(d) = 4*c(d) + 9*x(d). Let n = -10 - -9. What is g(n)?
4
Suppose -3*s = 3*k - 60, 7*s - 2*s - 15 = 0. Let c = k + -21. Let z(a) = -a - 2. Calculate z(c).
2
Let r(o) = -o**2 - 6*o - 9. Suppose 4*x + 36 = 2*m, 0 = -3*x + x + 2*m - 22. Calculate r(x).
-16
Let n = -21 + 34. Let a(q) = 11*q - 2. Let h(l) = 5*l - 1. Let o(g) = n*h(g) - 6*a(g). Determine o(-4).
3
Let n(f) be the third derivative of 5*f**4/24 + f**3/6 - 15*f**2. Give n(-3).
-14
Let c(a) be the first derivative of 1/3*a**3 - 3*a**2 + 6*a + 1. Calculate c(4).
-2
Let u be 3 - (0 - -1) - 6/(-3). Let k(j) = -j**2 + 5*j + 5. Give k(u).
9
Suppose 4*h = -d - 0*d + 57, -4*h - 3*d + 51 = 0. Suppose -h = 5*y, 0 = 4*j + j + 3*y + 4. Let a(v) = -v + j - v + v. Give a(-4).
5
Suppose 5*l + 7 = -3*b + 2*b, b - l = -1. Let c(z) = z**3 + 3*z**2 + 2*z + 3. What is c(b)?
3
Let q(r) = r**2 + 14*r + 4. Let s be q(-13). Let p(g) = g**2 + 9*g - 1. What is p(s)?
-1
Let n(b) = 5*b**2 - 3*b + 1. Let q = 11 - 5. Let f(y) = -4*y**2 + 2*y - 2. Let d(u) = q*f(u) + 5*n(u). Calculate d(5).
3
Let r(f) be the first derivative of -f**3/3 - 3*f**2 - 2*f + 1. Let o be r(-5). Suppose -2*d + 15 = d + k, 0 = k - o. Let p(y) = -y**2 + 5*y - 5. What is p(d)?
-1
Let c(h) = 3*h + 18. Let x(q) = -q - 6. Let s(t) = 6*c(t) + 17*x(t). Let z = -25 - -21. Determine s(z).
2
Let q(x) be the third deriv